 greatest common factor of l and 114.
6
Let m = 38 - 45. Let w = m + 57. Suppose -4 = 4*k - 504. What is the highest common factor of w and k?
25
Suppose -7*w - 10 = -2*w. Let i be w/(-11) + (-972)/(-99). Suppose 34*n - 29*n - z = 77, 24 = 2*n + 3*z. Calculate the greatest common factor of n and i.
5
Suppose 4*g + 1785 = z, 5*g + 1190 = -2*z + 4747. What is the highest common divisor of 26 and z?
13
Suppose -25*k - 1420 + 286 = -79*k. Let d(t) = t**2 - 6*t + 7. Let w be d(6). Let a = -4 + w. Calculate the greatest common divisor of k and a.
3
Suppose -51*d = -107*d + 24*d + 576. Let g = 4 + 0. Let x be g/(-18) - 168/(-27). What is the highest common divisor of x and d?
6
Let i = 2091 - 2051. What is the greatest common divisor of 1970 and i?
10
Suppose 0 = -y - 3*j + 26, -11*j = -5*y - 7*j + 73. Let t = y - -40. Calculate the highest common factor of 38 and t.
19
Suppose 5*u + 12 = -148. Let n = -27 - u. Suppose -30 = -5*l + 5*p, 42 = -l + n*l + 2*p. Calculate the highest common factor of l and 3.
3
Let z be 13/(364/301)*96 - (-1 + -3). Calculate the greatest common divisor of 434 and z.
14
Suppose -115*r = -105*r - 4290. What is the greatest common divisor of 273 and r?
39
Let v = -2670 + 3194. Calculate the greatest common divisor of v and 1441.
131
Let m be (-9)/(-6)*4/3. Suppose -m*y - 20 = -4*y. Let z be 7 - (3 + 4*-24). What is the greatest common factor of z and y?
10
Let k = -1683 - -3627. Calculate the highest common divisor of 360 and k.
72
Suppose 37 = 30*x - 113. Suppose -4*o + x*m = -49, -11*m = -9*m - 6. Let c be 1/(-2) + 353/2. Calculate the highest common divisor of c and o.
16
Let b = -54 + 72. Let h = -5 - -32. Calculate the greatest common divisor of h and b.
9
Let d(y) = y + 4. Let f be d(0). Let m be (23*3)/(-64 + 67). Suppose -3*g = -m - f. What is the greatest common factor of g and 81?
9
Suppose -5*o + 10800 = 7*o. Let n be (2 + (-8)/(-3))*o/105. Calculate the highest common divisor of 520 and n.
40
Let g(h) = -h**3 + 85*h**2 + 80*h + 756. Let z be g(86). Calculate the greatest common divisor of z and 255.
15
Let q = 303 + -59. Suppose -652 = -17*j - q. What is the greatest common factor of 324 and j?
12
Let k = 114220 + -113956. Let j = 38 - 14. What is the greatest common factor of k and j?
24
Suppose 5*z - 13295 = r, 3*r = 2*z + 2054 - 7359. What is the highest common factor of z and 30?
10
Let g be 4/(-32) + 1317/(-24). Suppose -5*r = 0, 3*z + r = -21 - 12. Let u be (-233)/z - (-10)/g. Calculate the highest common factor of 21 and u.
21
Let t(s) = -s**3 + 24*s**2 + 23*s - 30. Let a be t(7). What is the highest common factor of 12 and a?
4
Let s(h) = 157*h + 2471. Let b be s(13). What is the highest common factor of 141 and b?
141
Let r = -108 + 109. Let k be (0 - r)/(9/(-1386)). Let a be ((-4)/(-10))/((-1)/(-35)). Calculate the greatest common factor of k and a.
14
Let n be (6*1)/((-70)/1505). Let q be (0 - 525)*86/n. What is the highest common divisor of q and 140?
70
Let w be (-200)/4*(-24)/(-15). Let h = -11 - w. Suppose 102 - 148 = -2*t. What is the highest common divisor of t and h?
23
Suppose 646*s - 644*s - 110 = 0. What is the highest common divisor of 242 and s?
11
Let n(c) = -3*c**3 - 11*c**2 + 28*c - 68. Let j be n(-21). Suppose -j = -42*d + 1286. Calculate the highest common factor of d and 33.
33
Let t be ((-30)/(-2))/(50/(299600/84)). What is the greatest common factor of 35 and t?
5
Suppose 0 = -8*x + 968 - 248. Let g be 6/(-2) + (271 - (-1 - 1)). Suppose 8*r + g = 13*r. Calculate the greatest common divisor of x and r.
18
Suppose 44*z - 3011 = -239. Let l be (-24)/(-9) + (-5)/(-15). Suppose -18 = u - l*u. What is the greatest common divisor of u and z?
9
Suppose 82*y - 11671 = 14569. What is the highest common divisor of y and 2640?
80
Let w = -112 + 114. Suppose w*l - 7*l = -210. Let c(v) = v**2 + 2*v - 1. Let g be c(-5). What is the highest common divisor of l and g?
14
Let t = 4390 + -4355. Calculate the greatest common factor of 3815 and t.
35
Let s(f) = f - 124 + 0*f + 128. Let a be s(1). Calculate the greatest common divisor of 85 and a.
5
Suppose 92*c - 7110 = 77*c. Calculate the highest common factor of 6 and c.
6
Let k be (-4)/62 + (-90990)/(-558). Calculate the greatest common factor of 1141 and k.
163
Let l be 0/2 - 1 - -849. Suppose 21297 = 23*w + 20929. What is the highest common factor of l and w?
16
Suppose 20 = 8*u - 4*u. Let x be (-4 + u)/2*22*5. Let n be 2/8*10/(-25)*-50. What is the greatest common factor of n and x?
5
Suppose 2*x - 1856 = -2*x. Suppose -5*d = -6 + 11, f - 7*d - 36 = 0. Calculate the highest common divisor of x and f.
29
Suppose 16*k + 792 - 1188 = -17*k. Calculate the greatest common divisor of 15132 and k.
12
Suppose -5*l + 4*n + 58 = -4*l, -90 = -l - 4*n. What is the greatest common factor of l and 6?
2
Let s(c) be the first derivative of c**3/3 + 6*c**2 + 16*c - 31. Let y be s(-14). Suppose 4*m - y = 84. What is the greatest common factor of m and 64?
32
Let f(v) = 3*v**3 - 140*v**2 - 23*v + 82. Let x be f(47). Calculate the greatest common divisor of x and 110.
110
Let q(s) = -103*s - 2. Let i be q(1). Let v = i + 243. Let y = v + 42. What is the greatest common factor of y and 20?
20
Let t(w) = -w**2 - 13*w + 15. Let f be t(-8). Suppose 7 = 3*i + 4*o, -i + 2*o + 0 + 9 = 0. What is the highest common divisor of f and i?
5
Let y = -13 - 40. Let v = y - -56. Suppose 169 = -m + 5*m + 5*q, v*m + 4*q = 128. What is the highest common divisor of 24 and m?
12
Let u = -11750 + 12246. What is the highest common divisor of u and 14632?
248
Let p be (-128)/448 + (-60)/(-14). Suppose 0*y = -4*c + 3*y + 226, 4*y - 212 = -p*c. Calculate the highest common divisor of 5 and c.
5
Let x = 109 + -25. Let k be (-216)/(-48) - (-7398)/36. What is the highest common divisor of x and k?
42
Let h = -170 - -181. Let v = 23 + -12. What is the highest common divisor of v and h?
11
Suppose 3089420 = 115*w + 111*w. What is the highest common divisor of w and 10?
10
Let l(d) = -163*d - 128. Let i(x) = -81*x - 63. Let s(c) = 5*i(c) - 3*l(c). Let y be s(4). Calculate the highest common divisor of y and 90.
45
Suppose -u = -5*c + 564, 4*c - 7*c + 340 = -u. Suppose c = 5*z - 4*v, 3*z + z - 4*v = 92. What is the highest common divisor of z and 230?
10
Let j(o) = -38*o**2 - 760*o + 10. Let l be j(-20). What is the greatest common factor of l and 530?
10
Let m = -6533 + 9228. What is the highest common divisor of 55 and m?
55
Let d be 15 + -2*(9 + -906). Calculate the greatest common divisor of 27 and d.
27
Let p = 93 + 208. Let i be (-204)/(-6) - (-90)/10. Calculate the greatest common divisor of i and p.
43
Suppose 0 = -4*z - 3*v + 1995, -995 = -2*z - 40*v + 41*v. Let r = -481 + z. What is the greatest common factor of 1 and r?
1
Let v = 36 - 29. Suppose -v*c - 72 = -394. Calculate the greatest common factor of c and 138.
46
Let a(l) = -748 - l**2 + 2*l**2 + 6*l + 728. Let d be a(-11). What is the greatest common factor of d and 35?
35
Let z(i) = i**2 + 16*i + 23. Let l be z(-13). Let w be (l/(-10))/(8 - 1432/180). Calculate the greatest common divisor of 162 and w.
18
Suppose -46243 + 40753 = -30*j. Calculate the highest common factor of j and 793.
61
Let g be (-648)/(-40)*370/222. What is the greatest common divisor of 28701 and g?
27
Let f(y) = y**2 - 14*y - 75. Let b be f(-31). Let x be (b/(-27))/(-4) + (-26)/117. What is the highest common factor of x and 9?
3
Suppose 5*f = -5*y - 10, 0 = y - 6 + 12. Calculate the highest common divisor of f and 9.
1
Suppose 5*m - 1342 = 4*y, 4 = y + y. Let d be ((-4)/6)/(6/m*-2). Let i be ((-135)/(-4))/(3/12). What is the highest common factor of d and i?
15
Let w be ((12400/(-72))/25)/(4/(-18)). What is the highest common factor of w and 13609?
31
Let b be 5 - (0 - (4 - -2))/2. Suppose -b*s + 4*s + 96 = 0. Suppose 4*w - s = -4*w. What is the highest common divisor of 3 and w?
3
Let i = 31 - 20. Let t(u) = u**3 + 8*u**2 - 6*u + 8. Suppose -3*o = 10 + 11. Let x be t(o). Calculate the highest common divisor of x and i.
11
Let d(x) = -x**3 - 14*x**2 - 9*x - 18. Let o be d(-15). Suppose 16*u = 17*u - o. Calculate the highest common factor of 57 and u.
57
Suppose -2*m + 131 = 4*g - 135, 5*m = g + 643. Suppose -4*z + s + 691 = 0, -21*s = -4*z - 26*s + 673. 